838 is divided by 1129.
451
What is the remainder when 1265091 is divided by 421692?
15
Calculate the remainder when 8837695 is divided by 463.
414
What is the remainder when 53590 is divided by 1447?
51
Calculate the remainder when 9284316 is divided by 9284307.
9
What is the remainder when 154738 is divided by 1261?
896
Calculate the remainder when 26845 is divided by 5426.
5141
What is the remainder when 279195 is divided by 7054?
4089
Calculate the remainder when 16120 is divided by 386.
294
Calculate the remainder when 1529517 is divided by 1529375.
142
Calculate the remainder when 3570163 is divided by 31.
17
What is the remainder when 1129937733 is divided by 71?
68
What is the remainder when 38050 is divided by 788?
226
What is the remainder when 86673 is divided by 401?
57
Calculate the remainder when 7755939 is divided by 1805.
1659
What is the remainder when 3463965 is divided by 49?
8
Calculate the remainder when 325062 is divided by 32030.
4762
What is the remainder when 327965 is divided by 147?
8
Calculate the remainder when 152197 is divided by 6613.
98
Calculate the remainder when 26527384 is divided by 23168.
24
Calculate the remainder when 185298 is divided by 766.
692
What is the remainder when 17571700 is divided by 291?
247
What is the remainder when 7555797 is divided by 7555786?
11
Calculate the remainder when 2528220 is divided by 505575.
345
Calculate the remainder when 5248125 is divided by 34.
21
What is the remainder when 1365295 is divided by 920?
15
What is the remainder when 2781179 is divided by 44?
27
What is the remainder when 13565149 is divided by 2520?
2509
Calculate the remainder when 15557 is divided by 557.
518
Calculate the remainder when 7363 is divided by 5918.
1445
Calculate the remainder when 689554 is divided by 219.
142
Calculate the remainder when 95425 is divided by 96.
1
What is the remainder when 16221676 is divided by 118?
98
Calculate the remainder when 270943 is divided by 1292.
915
Calculate the remainder when 8154193 is divided by 509.
13
What is the remainder when 10605582 is divided by 1355?
1352
Calculate the remainder when 5810806 is divided by 559.
1
Calculate the remainder when 130059 is divided by 31704.
3243
What is the remainder when 5303429 is divided by 176780?
29
Calculate the remainder when 25254424 is divided by 25254349.
75
What is the remainder when 1427332 is divided by 3943?
3909
What is the remainder when 301561 is divided by 148?
85
Calculate the remainder when 109055 is divided by 4184.
271
What is the remainder when 3732224 is divided by 1611?
1148
Calculate the remainder when 89876807 is divided by 24.
23
What is the remainder when 29920169 is divided by 102?
101
What is the remainder when 2332728 is divided by 12?
0
What is the remainder when 909061 is divided by 294?
13
What is the remainder when 25183434 is divided by 475159?
7
Calculate the remainder when 45975 is divided by 1628.
391
What is the remainder when 223246794 is divided by 24?
18
Calculate the remainder when 225676 is divided by 3334.
2298
What is the remainder when 2360783 is divided by 372?
71
What is the remainder when 791705 is divided by 8895?
50
Calculate the remainder when 138804 is divided by 3113.
1832
Calculate the remainder when 782582 is divided by 2805.
2792
What is the remainder when 791437 is divided by 12765?
7
What is the remainder when 1814967 is divided by 736?
727
What is the remainder when 5864577 is divided by 269?
108
What is the remainder when 224136 is divided by 31766?
1774
What is the remainder when 124084 is divided by 7165?
2279
Calculate the remainder when 3628661 is divided by 403183.
14
Calculate the remainder when 7310854 is divided by 277.
270
Calculate the remainder when 917612 is divided by 48.
44
What is the remainder when 88448 is divided by 29252?
692
What is the remainder when 91848954 is divided by 816?
810
Calculate the remainder when 1046668 is divided by 2516.
12
What is the remainder when 1923600 is divided by 45796?
168
What is the remainder when 8662511 is divided by 518?
515
What is the remainder when 623033 is divided by 3461?
53
What is the remainder when 89456 is divided by 241?
45
Calculate the remainder when 1760071 is divided by 236.
219
What is the remainder when 1582019 is divided by 131?
63
What is the remainder when 48175711 is divided by 6174?
6163
Calculate the remainder when 113561 is divided by 52.
45
What is the remainder when 55117569 is divided by 132?
45
What is the remainder when 14391692 is divided by 14391664?
28
What is the remainder when 65472 is divided by 1870?
22
What is the remainder when 12408 is divided by 1762?
74
What is the remainder when 2103703 is divided by 701217?
52
Calculate the remainder when 12343 is divided by 11932.
411
Calculate the remainder when 2377213 is divided by 29.
25
What is the remainder when 2784966 is divided by 397?
11
What is the remainder when 508492 is divided by 18833?
1
Calculate the remainder when 2380673 is divided by 1069.
10
Calculate the remainder when 260179 is divided by 1334.
49
What is the remainder when 1936372 is divided by 547?
539
What is the remainder when 21070 is divided by 2605?
230
What is the remainder when 10963 is divided by 5337?
289
What is the remainder when 81052 is divided by 4202?
1214
What is the remainder when 3147211 is divided by 196700?
11
What is the remainder when 69363210 is divided by 36?
30
What is the remainder when 352993 is divided by 4532?
4029
Calculate the remainder when 2621548 is divided by 66.
28
What is the remainder when 2282689 is divided by 24?
1
Calculate the remainder when 213263210 is divided by 35543863.
32
Calculate the remainder when 4358662 is divided by 74.
62
What is the remainder when 47661 is divided by 8987?
2726
What is the remainder when 151829 is divided by 3040?
2869
Calculate the remainder when 376093 is divided by 142.
77
What is the remainder when 6781 is divided by 556?
109
What is the remainder when 10566083 is divided by 251?
238
What is the remainder when 677457 is divided by 4595?
1992
What is the remainder when 165710 is divided by 14999?
721
What is the remainder when 13504 is divided by 4399?
307
Calculate the remainder when 164341759 is divided by 55.
54
What is the remainder when 14086544 is divided by 2534?
38
Calculate the remainder when 19408 is divided by 1071.
130
What is the remainder when 672298 is divided by 11193?
718
What is the remainder when 27167 is divided by 3257?
1111
What is the remainder when 3307838 is divided by 551306?
2
Calculate the remainder when 3458410 is divided by 230556.
70
What is the remainder when 343721 is divided by 308?
301
What is the remainder when 3188984 is divided by 11512?
160
Calculate the remainder when 28434 is divided by 290.
14
What is the remainder when 42483059 is divided by 2105?
2054
Calculate the remainder when 452475 is divided by 3930.
525
What is the remainder when 1030148 is divided by 11?
9
Calculate the remainder when 85675089 is divided by 8289.
8274
What is the remainder when 2906195 is divided by 1217?
1216
What is the remainder when 45429119 is divided by 792?
791
Calculate the remainder when 65586 is divided by 8816.
3874
What is the remainder when 1927242 is divided by 481808?
10
What is the remainder when 12916 is divided by 1062?
172
What is the remainder when 4377053 is divided by 76?
61
Calculate the remainder when 847969 is divided by 70648.
193
What is the remainder when 8602705 is divided by 258?
211
Calculate the remainder when 60592273 is divided by 680812.
5
What is the remainder when 14172269 is divided by 70?
69
Calculate the remainder when 658120 is divided by 110.
100
Calculate the remainder when 288203 is divided by 19203.
158
What is the remainder when 12038616 is divided by 2414?
2412
Calculate the remainder when 614685 is divided by 614279.
406
Calculate the remainder when 3660073 is divided by 887.
311
Calculate the remainder when 5518036 is divided by 25.
11
What is the remainder when 2157830 is divided by 8808?
8678
Calculate the remainder when 182123 is divided by 9106.
3
What is the remainder when 79567 is divided by 23?
10
Calculate the remainder when 281688 is divided by 17588.
280
Calculate the remainder when 325443 is div